mon factor of 107 and x?
1
Suppose 501564 + 149441 + 157075 = 42*b. What is the greatest common divisor of 13 and b?
13
Suppose x = -a + 339, -321 = 44*a - 45*a - 4*x. Calculate the greatest common divisor of a and 805.
115
Suppose -5*v = z - 3118, 2*v + 81 = -5*z + 1319. Calculate the highest common factor of 884 and v.
52
Let c(t) = -2*t - 6. Let v be c(-10). Suppose 21*p + 117 = 22*p. Let o = p - -9. Calculate the greatest common factor of v and o.
14
Suppose -61*q = -3*k - 58*q + 33267, 2*q = 5*k - 55442. What is the greatest common factor of k and 168?
168
Suppose -29 = -5*m + 21. Let z be 1/(1 - 15/m). Let p be ((-16)/(-24))/(z/(-288)). Calculate the highest common factor of p and 32.
32
Let q be 414 - 421 - (-180 + -2). Calculate the greatest common divisor of q and 399.
7
Let c(i) be the second derivative of i**4/12 - 7*i**3/6 + 7*i**2 - 20*i. Let b be c(4). What is the highest common divisor of b and 94?
2
Let g be (0 + 4/20 - 1)*35. Let o be (27/6 - 2)/((-2)/g). Let j = -10 + o. Calculate the highest common divisor of 150 and j.
25
Let f(s) = -24 - 5*s + 39 - 24 + 3*s - 12*s. Let m be f(-1). Calculate the highest common factor of 115 and m.
5
Let o = 268 - 100. Let y = 147 + o. Let w(c) = -c**3 + 2*c**2 + 4*c + 2. Let a be w(-3). What is the greatest common factor of y and a?
35
Suppose 3*l = z - 37, 4*l - 4 - 68 = -3*z. Suppose 42*h + z = 44*h. Calculate the greatest common factor of 938 and h.
14
Let x = -45 - -43. Let n be (-103)/((-1)/x*-1). Suppose 6 = -5*f + n. Calculate the highest common divisor of f and 100.
20
Suppose -85*i + 85698 = -3552. Calculate the greatest common factor of 190 and i.
10
Let f = 1397 - -6259. What is the highest common divisor of f and 264?
264
Suppose 11*v = 17*v - 24. Suppose -3*a + 56 = 5*t, -v*t - a + 12 = -3*t. What is the highest common divisor of 4 and t?
2
Let o(t) = 9*t - 3*t**2 + 64*t - 3*t - 32. Let a be o(22). Calculate the greatest common divisor of a and 28.
28
Suppose 69 - 15 = 9*b. Let l = 176 - 128. What is the highest common divisor of b and l?
6
Suppose -3*a + 0*a + 822 = 0. Suppose 4*w = -2*g - 207 - 157, -2*g - w = 373. Let b = g + a. What is the greatest common factor of b and 215?
43
Let q = 35 + -10. Suppose -173 = -6*d + q. Suppose -w - u = w - 12, u = -5*w + d. Calculate the highest common divisor of w and 28.
7
Let f = 3319 - 3239. What is the greatest common factor of 1080 and f?
40
Suppose -4*s - 22168 = -2*w, -5*w - 5*s + 69061 = 13641. Calculate the highest common divisor of 204 and w.
68
Suppose -1085 - 1960 = -182*p + 2233. Let i = 2 + -12. Let a be -1*58*(i - -8). What is the highest common factor of a and p?
29
Let r(j) = 4*j**3 + 13*j**2 - 44*j + 87. Let l be r(6). What is the highest common factor of 154 and l?
77
Let d be 116*1 - (-11 + 7). Suppose 8*z + 3*c = 2130, -z - 17*c = -14*c - 282. What is the greatest common factor of z and d?
24
Suppose -27 = -2*f - 5*u + 7, -4*u + 56 = 4*f. Suppose 2*b = 6, 5*o + 8*b = 55 - 16. Calculate the greatest common divisor of o and f.
3
Let n(t) = t**3 + 35*t**2 + 77*t - 578. Let d be n(-32). What is the highest common factor of d and 1050?
30
Suppose o = 4*r - 5453 - 4208, -3*r + o + 7246 = 0. Suppose -2416*g + 112 = -r*g. Calculate the highest common divisor of g and 504.
56
Let i(k) = -k**2 - 69*k - 1040. Let z be i(-30). Calculate the greatest common factor of 26 and z.
26
Let v = 126 + -122. Suppose -f - 3*f - 152 = -v*y, 3*y - 94 = -2*f. What is the greatest common divisor of y and 136?
34
Suppose 71*p + p - 508943 = 420793. What is the highest common divisor of p and 698?
349
Let d be (-7)/(0 - 1) + -1. Let m be 1508/29*(4 - 2). Let f be m/(-130) - 248/(-10). Calculate the highest common factor of f and d.
6
Let p be (-2)/3 + 13 + (-128)/(-48). What is the highest common factor of p and 565?
5
Suppose -9*h + 47 - 110 = 0. Let z be 16494/33 + (-20)/770*h. Calculate the greatest common divisor of z and 20.
20
Let m be 603/804 - (-140410)/8 - (-2 - 2). What is the highest common divisor of m and 114?
114
Let p be ((-6)/(-4))/((-6)/(-160)). Let h be 15/(-11 - 509/(-46)). What is the highest common divisor of h and p?
10
Let u = -118 - -170. Let h(c) = c + 18. Let d be h(-5). Calculate the greatest common factor of d and u.
13
Suppose -1 = -j - 4. Let c = j + 26. Let a(z) = 2*z**2 + 19*z + 1. Let w be a(-13). Calculate the greatest common divisor of c and w.
23
Suppose -5*f + 12 - 17 = 0. Let g(w) = 4 + 0 - 3 + 48*w**2. Let x be g(f). Calculate the highest common factor of 7 and x.
7
Suppose -2*l - 125 = 5*t, -t + 5*l = -0*t + 52. Let s = t + 37. Let p be 178/s + 11/55. What is the greatest common divisor of p and 27?
9
Let t be -4 - 32/(-2) - (-2 - -1). Suppose 421 + 73 = t*a. Suppose 0 = -2*w - 5*d + a, -2*w = d + 2*d - 30. Calculate the greatest common factor of w and 117.
9
Suppose -21*p - 4*y = -25*p + 2932, 3*p = -2*y + 2234. Calculate the highest common factor of p and 40.
20
Let t = 42 - 27. Let h = t - 11. Suppose -4*r + 4*w + h = -8*r, -5*r - 2*w + 7 = 0. Calculate the greatest common divisor of r and 21.
3
Let j be (-25*(-2)/10)/(2/(-254)). Let o = -586 - j. What is the greatest common factor of o and 56?
7
Let y(k) = k + 1. Let o be y(-4). Let j be -9*(-12 - 3/o). Suppose -340262*i + 340280*i + 155 = 749. Calculate the greatest common factor of j and i.
33
Let u = 22 - 20. Let z(c) = 14*c + 4. Let m be z(u). Let t = 2040 - 1976. Calculate the greatest common factor of t and m.
32
Let k be 9/1 - (8 + 2). Let b be ((-28)/(2/k))/((-2)/(-48)). What is the highest common divisor of b and 56?
56
Suppose 4*y = -2*z + 16, 4 = -4*z + 4*y + 72. Suppose 0*w + v - 159 = -w, -v - 765 = -5*w. What is the highest common factor of w and z?
14
Let y = 24498 + -24390. What is the highest common divisor of y and 150?
6
Suppose -2592 = -10*t - 21*t + 13*t. Calculate the highest common factor of t and 1072.
16
Suppose 10*a + 24 = 84. Let t(n) = 1221*n**3 + 2*n - 8*n**2 - 9 - 7*n - 1223*n**3. Let s be t(-5). What is the greatest common factor of a and s?
6
Let u be 6 + 30/6 - (2 - 0). Suppose u*i = -i + 5830. What is the greatest common divisor of 53 and i?
53
Let i = -80 - -85. Suppose 2*q + 24 = i*q. Let f = -66 - -122. What is the greatest common divisor of f and q?
8
Suppose -5*c - 39*m + 38*m = -21838, 5*c = 3*m + 21846. What is the highest common divisor of c and 144?
48
Let b(c) = 116*c**2 + 1. Let k be b(1). Suppose -t - 39 = -4*t. Calculate the highest common factor of k and t.
13
Let j be (-4)/22 + ((-2963480)/(-220))/13. What is the greatest common divisor of 28 and j?
28
Let k be (-2)/(-6) - (162415/(-3))/11. Calculate the greatest common divisor of 642 and k.
214
Let x = 227 + -222. Suppose -19 = -2*i + r, -3*i + 4*r = -x*i + 14. What is the highest common divisor of 171 and i?
9
Let v(t) = 2*t**2 + 4*t - 8. Let f be v(-6). Suppose -36*q + 31*q + 1305 = y, 4*y + 500 = 2*q. What is the greatest common factor of q and f?
20
Let o be 0 + 1 + (-26 - -28). Suppose 2*a + v = 845, -4*a = -2*a - o*v - 849. Calculate the highest common factor of a and 18.
9
Let v = -456 - -480. Calculate the highest common divisor of 696 and v.
24
Suppose -5*p - 3 = 7, 4*i + p - 442 = 0. Let v(l) = l**3 - 2*l**2 - 5*l - 13. Let h be v(5). What is the highest common factor of i and h?
37
Suppose 0 = 2*q - 4*t + 44, 5*q + 7*t - 3*t = -152. Let l = q - -31. Suppose l*b - 3*j - 9 = 21, b - 3*j = 6. Calculate the highest common divisor of b and 4.
4
Let w(d) = 16*d - 83. Let s be w(28). Suppose -s = -6*l - 167. Calculate the highest common divisor of l and 220.
11
Let c(f) = 2*f**3 - 9*f**2 - 18*f + 10. Let j be c(-3). Let i = 167 + j. What is the greatest common divisor of i and 12?
12
Let r(g) = -g**3 - 3*g**2 - g - 7. Let n be r(-5). Suppose -226*u - 450 = -224*u. Let p = u + 249. Calculate the greatest common divisor of n and p.
24
Suppose 3*o + 89 = -2*y + 603, 0 = 3*o. Let a = y + -240. Calculate the highest common factor of a and 51.
17
Suppose 5*h = -3*n + 21, -8*h = -n - 9*h + 5. Suppose -n = -3*d + 16. Calculate the greatest common divisor of 186 and d.
6
Let k be 26/(-4)*11/(-22)*20. What is the highest common factor of k and 351?
13
Let x = 9937 - 9925. What is the highest common factor of 2748 and x?
12
Let h be (-4)/10 + (-1572)/(-30